{"id":4793,"date":"2018-06-01T10:16:19","date_gmt":"2018-06-01T08:16:19","guid":{"rendered":"http:\/\/www.humanlogix.com\/?page_id=4793"},"modified":"2018-06-01T11:20:44","modified_gmt":"2018-06-01T09:20:44","slug":"datenschutz","status":"publish","type":"page","link":"https:\/\/www.humanlogix.com\/?page_id=4793","title":{"rendered":"Datenschutz"},"content":{"rendered":"<div class=\"c6\">\n<p><strong>\u201ehumanlogix.com\u201c<\/strong>\u00a0ist ein\u00a0<strong>Angebot<\/strong>\u00a0von\u00a0<strong>Humanlogix AG<\/strong>, in der Schweiz. Mit dieser Datenschutzerkl\u00e4rung informieren wir \u00fcber die Bearbeitung von Personendaten im Zusammenhang mit unserem Angebot.<\/p>\n<p>Unser Angebot unterliegt dem schweizerischen Datenschutzrecht sowie allenfalls anwendbarem ausl\u00e4ndischem Datenschutzrecht wie beispielsweise jenem der Europ\u00e4ischen Union (EU) mit der Datenschutz-Grundverordnung (DSGVO). Die EU anerkennt, dass das schweizerische Datenschutzrecht einen angemessenen Datenschutz gew\u00e4hrleistet.<\/p>\n<p><strong>1. Bearbeitung von Personendaten<\/strong><\/p>\n<p>1.1\u00a0<strong>Personendaten<\/strong>\u00a0sind alle Angaben, die sich auf eine bestimmte oder bestimmbare Person beziehen. Eine\u00a0<strong>betroffene Person<\/strong>\u00a0ist eine Person, \u00fcber die Personendaten bearbeitet werden.\u00a0<strong>Bearbeiten<\/strong>\u00a0umfasst\u00a0<em>jeden<\/em>\u00a0Umgang mit Personendaten, unabh\u00e4ngig von den angewandten Mitteln und Verfahren, insbesondere das Aufbewahren, Bekanntgeben, Beschaffen, L\u00f6schen, Speichern, Ver\u00e4ndern, Vernichten und Verwenden von Personendaten.<\/p>\n<p>1.2 Wir bearbeiten jene Personendaten, die erforderlich sind, um unser Angebot effektiv und nutzerfreundlich sowie dauerhaft, sicher und zuverl\u00e4ssig bereitstellen zu k\u00f6nnen.<\/p>\n<p>1.3 Wir bearbeiten Personendaten grunds\u00e4tzlich nur nach Einwilligung der betroffenen Person, es sei denn, die Bearbeitung ist aus anderen Gr\u00fcnden zul\u00e4ssig, beispielsweise zur Erf\u00fcllung eines Vertrages mit der betroffenen Person und f\u00fcr entsprechende vorvertragliche Massnahmen, um unsere \u00fcberwiegenden berechtigten Interessen zu wahren, weil die Bearbeitung aus den Umst\u00e4nden ersichtlich ist oder nach vorg\u00e4ngiger Information. In diesem Rahmen bearbeiten wir insbesondere Angaben, die eine betroffene Person bei der Kontaktaufnahme \u2013 beispielsweise per Briefpost, E-Mail, Kontaktformular, Telefon oder Social Media \u2013 selbst \u00fcbermittelt.<\/p>\n<p>1.4 Wir bearbeiten Personendaten f\u00fcr jene\u00a0<strong>Dauer<\/strong>, die f\u00fcr den jeweiligen Zweck oder die jeweiligen Zwecke erforderlich ist. Bei l\u00e4nger dauernden Aufbewahrungspflichten aufgrund von gesetzlichen und sonstigen Pflichten, denen wir unterliegen, schr\u00e4nken wir die Bearbeitung entsprechend ein.<\/p>\n<p>1.5 Wir k\u00f6nnen Personendaten durch Dritte \u2013 auch im Ausland \u2013 bearbeiten lassen. Solche\u00a0<strong>Auftragsbearbeiter<\/strong>\u00a0bearbeiten Personendaten in unserem Auftrag. Wir k\u00f6nnen Personendaten weiter mit Hilfe von Dritten \u2013 auch im Ausland \u2013 bearbeiten. Wir stellen jeweils sicher, dass solche Dritte einen angemessenen Datenschutz gew\u00e4hrleisten.<\/p>\n<p>1.6 Wir sind auf Social-Media-Plattformen und anderen Online-Plattformen pr\u00e4sent, um mit interessierten Personen kommunizieren und \u00fcber unser Angebot informieren zu k\u00f6nnen. Es gelten jeweils die Allgemeinen Gesch\u00e4ftsbedingungen (AGB), Datenschutzerkl\u00e4rungen und sonstigen Bestimmungen der jeweiligen Betreiberinnen und Betreiber.<\/p>\n<p><strong>2. Rechtsgrundlagen f\u00fcr die Bearbeitung von Personendaten<\/strong><\/p>\n<p>2.1 Wir bearbeiten Personendaten im Einklang mit dem schweizerischen Datenschutzrecht wie insbesondere dem Datenschutzgesetz (DSG).<\/p>\n<p>2.2 Wir bearbeiten \u2013 sofern und soweit die DSGVO anwendbar ist \u2013 Personendaten gem\u00e4ss folgenden Rechtsgrundlagen:<\/p>\n<ul>\n<li>Art. 6 Abs. 1 lit. a DSGVO f\u00fcr die Bearbeitung von Personendaten mit Einwilligung der betroffenen Person.<\/li>\n<li>Art. 6 Abs. 1 lit. b DSGVO f\u00fcr die erforderliche Bearbeitung von Personendaten zur Erf\u00fcllung eines Vertrages mit der betroffenen Person sowie zur Durchf\u00fchrung vorvertraglicher Massnahmen.<\/li>\n<li>Art. 6 Abs. 1 lit. c DSGVO f\u00fcr die erforderliche Bearbeitung von Personendaten zur Erf\u00fcllung einer rechtlichen Verpflichtung, der wir gem\u00e4ss allenfalls anwendbarem Recht der EU oder gem\u00e4ss allenfalls anwendbarem Recht eines Landes, in dem die DSGVO ganz oder teilweise anwendbar ist, unterliegen.<\/li>\n<li>Art. 6 Abs. 1 lit. d DSGVO f\u00fcr die erforderliche Bearbeitung von Personendaten um lebenswichtige Interessen der betroffenen Person oder einer anderen nat\u00fcrlichen Person zu sch\u00fctzen.<\/li>\n<li>Art. 6 Abs. 1 lit. f DSGVO f\u00fcr die erforderliche Bearbeitung von Personendaten um die berechtigten Interessen von uns oder von Dritten zu wahren, sofern nicht die Grundfreiheiten und Grundrechte sowie Interessen der betroffenen Person \u00fcberwiegen. Berechtigte Interessen sind unser betriebswirtschaftliches Interesse, das Angebot bereitstellen und daf\u00fcr werben zu k\u00f6nnen, die Informationssicherheit sowie der Schutz vor Missbrauch und unbefugter Nutzung, die Durchsetzung von eigenen rechtlichen Anspr\u00fcchen und die Einhaltung von schweizerischem Recht.<\/li>\n<li><\/li>\n<\/ul>\n<p><strong>3. Organisatorische und technische Massnahmen<\/strong><\/p>\n<p>3.1 Wir treffen angemessene und geeignete organisatorische und technische Massnahmen um den Datenschutz und die Datensicherheit zu gew\u00e4hrleisten.<\/p>\n<p>3.2 Der Zugriff auf unser Angebot erfolgt mittels Transportverschl\u00fcsselung (SSL \/ TLS).<\/p>\n<p>3.3 Die Bearbeitung von Personendaten im Internet kann trotz angemessenen und geeigneten organisatorischen und technischen Massnahmen immer Sicherheitsl\u00fccken aufweisen. Wir k\u00f6nnen deshalb keine absolute Datensicherheit gew\u00e4hrleisten.<\/p>\n<p>3.4 Der Zugriff auf unser Angebot unterliegt \u2013 wie grunds\u00e4tzlich jede Internet-Nutzung \u2013 der anlasslosen und verdachtsunabh\u00e4ngigen Massen\u00fcberwachung sowie sonstigen \u00dcberwachung durch Sicherheitsbeh\u00f6rden in der Schweiz, in der EU, in den Vereinigten Staaten von Amerika (USA) und in anderen Staaten. Wir k\u00f6nnen keinen direkten Einfluss auf die entsprechende Bearbeitung von Personendaten durch Geheimdienste, Polizeistellen und andere Sicherheitsbeh\u00f6rden nehmen.<\/p>\n<p><strong>4. Cookies, Logdateien und Z\u00e4hlpixel<\/strong><\/p>\n<p>4.1 F\u00fcr jeden Besuch auf unserer Website erfassen wir folgende Daten, sofern diese von Ihrem Browser an unsere Server-Infrastruktur \u00fcbermittelt werden, und speichern diese Daten in\u00a0<strong>Logdateien<\/strong>:<\/p>\n<ul>\n<li>Datum und Zeit einschliesslich Zeitzone<\/li>\n<li>Internet Protocol (IP)-Adresse<\/li>\n<li>Zugriffsstatus (HTTP-Statuscode)<\/li>\n<li>Betriebssystem einschliesslich Benutzeroberfl\u00e4che und Version<\/li>\n<li>Browser einschliesslich Sprache und Version<\/li>\n<li>aufgerufene einzelne Seite und \u00fcbertragene Datenmenge<\/li>\n<li>zuletzt aufgerufene Webseite (Referer)<\/li>\n<\/ul>\n<p>Solche Daten k\u00f6nnen Personendaten darstellen. Die Daten sind erforderlich, um unser Angebot dauerhaft, sicher und zuverl\u00e4ssig bereitstellen sowie um die Datensicherheit und damit insbesondere den Schutz von Personendaten sicherstellen zu k\u00f6nnen \u2013 auch durch Dritte oder mit Hilfe von Dritten.<\/p>\n<p>4.2 Wir verwenden\u00a0<strong>Cookies<\/strong>\u00a0auf unserer Website. Bei Cookies \u2013 auch von Dritten, deren Dienste wir nutzen (Third-Party Cookies) \u2013 handelt es sich um Textdateien, die in Ihrem Browser gespeichert werden. Cookies k\u00f6nnen beim Besuch unserer Website in Ihrem Browser gespeichert werden. Cookies erm\u00f6glichen insbesondere, Ihren Browser beim n\u00e4chsten Besuch unserer Website wiederzuerkennen. Cookies k\u00f6nnen keine Programme ausf\u00fchren oder Schadsoftware wie Trojaner und Viren \u00fcbertragen. Cookies sind erforderlich, um unser Angebot einschliesslich unserer Website effektiv und nutzerfreundlich sowie dauerhaft, sicher und zuverl\u00e4ssig bereitstellen zu k\u00f6nnen, insbesondere durch die Analyse der Nutzung im Hinblick auf Fehlerbehebung und Verbesserungen.<\/p>\n<p>Sie k\u00f6nnen Cookies in Ihren Browser-Einstellungen jederzeit ganz oder teilweise deaktivieren sowie l\u00f6schen. Ohne Cookies steht unser Angebot allenfalls nicht mehr in vollem Umfang zur Verf\u00fcgung. Wir informieren \u2013 sofern und soweit erforderlich \u2013 direkt \u00fcber die Verwendung von Cookies oder ersuchen Sie direkt um die Einwilligung von Cookies.<\/p>\n<p>4.3 Wir verwenden\u00a0<strong>Z\u00e4hlpixel<\/strong>\u00a0auf unserer Website. Bei Z\u00e4hlpixeln \u2013 auch von Dritten, deren Dienste wir nutzen \u2013 handelt es sich um kleine Bilder, die beim Besuch unserer Website abgerufen werden. Mit Z\u00e4hlpixeln k\u00f6nnen die gleichen Daten erfasst werden, die von Ihrem Browser an unsere Server-Infrastruktur \u00fcbermittelt werden. Z\u00e4hlpixel sind erforderlich, um unser Angebot einschliesslich unserer Website effektiv und nutzerfreundlich sowie dauerhaft, sicher und zuverl\u00e4ssig bereitstellen zu k\u00f6nnen, insbesondere durch die Analyse der Nutzung im Hinblick auf Fehlerbehebung und Verbesserungen.<\/p>\n<p><strong>5. Kommentare und sonstige Beitr\u00e4ge<\/strong><\/p>\n<p>Wir erm\u00f6glichen Ihnen mit unserem Angebot die Ver\u00f6ffentlichung von Kommentaren und sonstigen Beitr\u00e4gen. In diesem Rahmen bearbeiten wir insbesondere jene Angaben, die eine betroffene Person selbst \u00fcbermittelt, aber auch die verwendete IP-Adresse sowie Datum und Zeit. Wir ben\u00f6tigen diese Angaben, um Kommentare und sonstige Beitr\u00e4ge ver\u00f6ffentlichen sowie den Schutz vor Missbrauch sicherstellen zu k\u00f6nnen.<\/p>\n<p><strong>6. Dienste von Dritten<\/strong><\/p>\n<p>6.1 Wir verwenden Dienste von Dritten \u2013 auch im Ausland einschliesslich den Vereinigten Staaten von Amerika (USA) \u2013 um unser Angebot effektiv und nutzerfreundlich sowie dauerhaft, sicher und zuverl\u00e4ssig bereitstellen zu k\u00f6nnen. Solche Dienste \u2013 unter anderem Hosting- und Speicherdienste \u2013\u00a0ben\u00f6tigen Ihre Internet Protocol (IP)-Adresse, da die entsprechenden Inhalte ansonsten nicht ausgeliefert oder bereitgestellt werden k\u00f6nnen. Solche Dienste k\u00f6nnen \u2013 unter anderen mit Cookies, Logdateien und Z\u00e4hlpixel \u2013 auch weitere Daten im Zusammenhang mit unserem Angebot und in Verbindung mit Informationen aus anderen Quellen f\u00fcr ihre kommerzielle Kommunikation und f\u00fcr ihre statistischen Zwecke bearbeiten.<\/p>\n<p>6.2 Wir verwenden\u00a0<strong>Google Fonts<\/strong>\u00a0um Schriften in unsere Website einbetten k\u00f6nnen. Google Fonts ist ein Dienst der amerikanischen Google LLC. Google unterliegt sowohl dem EU-amerikanischen als auch dem schweizerisch-amerikanischen\u00a0<a href=\"https:\/\/www.privacyshield.gov\/\">Privacy Shield<\/a>, womit sich Google verpflichtet, einen angemessenen Datenschutz zu gew\u00e4hrleisten. Google hat insbesondere folgende Informationen zu Art, Umfang und Zweck der Datenbearbeitung im Zusammenhang mit Google Fonts ver\u00f6ffentlicht:\u00a0<a href=\"https:\/\/developers.google.com\/fonts\/faq#what_does_using_the_google_fonts_api_mean_for_the_privacy_of_my_users\">Datenschutz bei Google Fonts, Datenschutzerkl\u00e4rung und Nutzungsbedingungen<\/a>,\u00a0<a href=\"https:\/\/www.privacyshield.gov\/participant?id=a2zt000000001L5AAI\">Eintrag in der Privacy-Shield-Liste<\/a>.<\/p>\n<p>6.3 Wir verwenden\u00a0<strong>YouTube<\/strong>\u00a0um Videos in unsere Website einbetten zu k\u00f6nnen. YouTube ist ein Dienst der amerikanischen Google LLC. Google unterliegt sowohl dem EU-amerikanischen als auch dem schweizerisch-amerikanischen\u00a0<a href=\"https:\/\/www.privacyshield.gov\/\">Privacy Shield<\/a>, womit sich Google verpflichtet, einen angemessenen Datenschutz zu gew\u00e4hrleisten. Google hat insbesondere folgende Informationen zu Art, Umfang und Zweck der Datenbearbeitung im Zusammenhang mit YouTube ver\u00f6ffentlicht:\u00a0<a href=\"https:\/\/policies.google.com\/technologies\/product-privacy\">Datenschutz bei Google-Produkten einschliesslich YouTube, Datenschutzerkl\u00e4rung und Nutzungsbedingungen,<\/a>\u00a0<a href=\"https:\/\/www.privacyshield.gov\/participant?id=a2zt000000001L5AAI\">Eintrag in der Privacy-Shield-Liste<\/a>.<\/p>\n<p><strong>7. Rechte von betroffenen Personen<\/strong><\/p>\n<p>7.1 Betroffene Personen, deren Personendaten wir bearbeiten, verf\u00fcgen \u00fcber die Rechte gem\u00e4ss schweizerischem Datenschutzrecht. Dazu z\u00e4hlen das Recht auf Auskunft sowie das Recht auf Berichtigung, L\u00f6schung oder Sperrung der bearbeiteten Personendaten.<\/p>\n<p>7.2 Betroffene Personen, deren Personendaten wir bearbeiten, sofern und soweit die DSGVO anwendbar ist, k\u00f6nnen unentgeltlich eine Best\u00e4tigung, ob wir ihre Personendaten bearbeiten und, falls ja, Auskunft \u00fcber die Bearbeitung ihrer Personendaten verlangen, die Bearbeitung ihrer Personendaten einschr\u00e4nken lassen, ihr Recht auf Daten\u00fcbertragbarkeit wahrnehmen sowie ihre Personendaten berichtigen, l\u00f6schen (\u00abRecht auf Vergessenwerden\u00bb) oder sperren lassen.<\/p>\n<p>7.3 Betroffene Personen, deren Personendaten wir bearbeiten, sofern und soweit die DSGVO anwendbar ist, k\u00f6nnen erteilte Einwilligungen jederzeit widerrufen und jederzeit Widerspruch gegen die Bearbeitung ihrer Personendaten erheben.<\/p>\n<p>7.4 Betroffene Personen, deren Personendaten wir bearbeiten, verf\u00fcgen \u00fcber ein Beschwerderecht bei einer zust\u00e4ndigen Aufsichtsbeh\u00f6rde. Aufsichtsbeh\u00f6rde f\u00fcr den Datenschutz in der Schweiz ist der\u00a0<a href=\"https:\/\/www.edoeb.admin.ch\/\">Eidgen\u00f6ssische Datenschutz- und \u00d6ffentlichkeitsbeauftragte<\/a>(ED\u00d6B).<\/p>\n<p>7.5 Die oben erw\u00e4hnten Rechte f\u00fcr betroffene Personen gem\u00e4ss DSGVO gew\u00e4hren wir freiwillig auch betroffenen Personen in der Schweiz.<\/p>\n<p><strong>8. Kontaktadressen und Verantwortung<\/strong><\/p>\n<p>Anfragen von Aufsichtsbeh\u00f6rden und betroffenen Personen erreichen uns in der Regel per E-Mail, sind aber auch per Briefpost m\u00f6glich:<\/p>\n<p><strong>Humanlogix AG<br \/>\n<\/strong>Multergasse 26<br \/>\nCH 9000 St.Gallen<br \/>\ncontact(at)humanlogix.com<\/p>\n<p>Verantwortlich f\u00fcr den Datenschutz im Zusammenhang mit unserem Angebot ist <strong>Humanlogix AG<\/strong>.<\/p>\n<p><strong>9. Schlussbestimmungen<\/strong><\/p>\n<p>Wir k\u00f6nnen unsere Datenschutzerkl\u00e4rung jederzeit \u00e4ndern. Wir informieren betroffene Personen in geeigneter Form auf unserer Website \u00fcber solche \u00c4nderungen.<\/p>\n<\/div>\n","protected":false},"excerpt":{"rendered":"","protected":false},"author":2,"featured_media":0,"parent":0,"menu_order":0,"comment_status":"closed","ping_status":"closed","template":"","meta":[],"_links":{"self":[{"href":"https:\/\/www.humanlogix.com\/index.php?rest_route=\/wp\/v2\/pages\/4793"}],"collection":[{"href":"https:\/\/www.humanlogix.com\/index.php?rest_route=\/wp\/v2\/pages"}],"about":[{"href":"https:\/\/www.humanlogix.com\/index.php?rest_route=\/wp\/v2\/types\/page"}],"author":[{"embeddable":true,"href":"https:\/\/www.humanlogix.com\/index.php?rest_route=\/wp\/v2\/users\/2"}],"replies":[{"embeddable":true,"href":"https:\/\/www.humanlogix.com\/index.php?rest_route=%2Fwp%2Fv2%2Fcomments&post=4793"}],"version-history":[{"count":4,"href":"https:\/\/www.humanlogix.com\/index.php?rest_route=\/wp\/v2\/pages\/4793\/revisions"}],"predecessor-version":[{"id":4803,"href":"https:\/\/www.humanlogix.com\/index.php?rest_route=\/wp\/v2\/pages\/4793\/revisions\/4803"}],"wp:attachment":[{"href":"https:\/\/www.humanlogix.com\/index.php?rest_route=%2Fwp%2Fv2%2Fmedia&parent=4793"}],"curies":[{"name":"wp","href":"https:\/\/api.w.org\/{rel}","templated":true}]}}